 and 7578.
18
Calculate the greatest common divisor of 98 and 28.
14
What is the highest common factor of 6860 and 196?
196
What is the greatest common factor of 56 and 32?
8
Calculate the highest common factor of 164 and 451.
41
Calculate the greatest common factor of 5432 and 280.
56
What is the greatest common divisor of 184 and 904?
8
Calculate the highest common divisor of 10300 and 20.
20
What is the greatest common divisor of 6 and 2?
2
Calculate the highest common divisor of 16 and 10984.
8
Calculate the greatest common factor of 4038 and 12.
6
Calculate the greatest common divisor of 1045 and 19.
19
What is the highest common factor of 2130 and 30?
30
What is the highest common factor of 150 and 100?
50
Calculate the greatest common factor of 11 and 18337.
11
Calculate the highest common factor of 45 and 126.
9
What is the highest common divisor of 520 and 580?
20
What is the highest common divisor of 1441 and 2096?
131
What is the highest common divisor of 406 and 182?
14
What is the highest common divisor of 50 and 675?
25
What is the highest common divisor of 28 and 700?
28
Calculate the greatest common divisor of 477 and 9.
9
What is the greatest common factor of 165 and 9295?
55
What is the highest common factor of 540 and 3540?
60
What is the greatest common divisor of 336 and 3150?
42
Calculate the greatest common factor of 42185 and 885.
295
What is the greatest common divisor of 25 and 7050?
25
Calculate the highest common factor of 12 and 1284.
12
Calculate the highest common divisor of 9 and 48.
3
Calculate the greatest common factor of 15 and 34230.
15
Calculate the greatest common divisor of 1470 and 30.
30
What is the highest common divisor of 120 and 465?
15
Calculate the highest common factor of 36 and 126.
18
Calculate the greatest common factor of 109 and 5123.
109
Calculate the greatest common factor of 70 and 100.
10
Calculate the greatest common factor of 14529 and 174.
87
Calculate the highest common factor of 221 and 52.
13
What is the greatest common factor of 48 and 2192?
16
What is the highest common divisor of 260 and 455?
65
Calculate the highest common divisor of 1701 and 2403.
27
Calculate the highest common divisor of 7 and 1701.
7
What is the highest common divisor of 61140 and 60?
60
Calculate the highest common divisor of 3965 and 610.
305
What is the highest common divisor of 56 and 266?
14
What is the highest common factor of 910 and 1183?
91
What is the highest common divisor of 1122 and 88?
22
What is the highest common divisor of 352 and 1639?
11
What is the highest common factor of 6862 and 730?
146
What is the highest common factor of 147 and 15?
3
Calculate the greatest common factor of 3075 and 375.
75
Calculate the highest common factor of 513 and 243.
27
What is the greatest common divisor of 224 and 77?
7
What is the highest common divisor of 1518 and 198?
66
What is the greatest common divisor of 42 and 84?
42
Calculate the highest common factor of 30 and 1370.
10
What is the greatest common divisor of 18558 and 18?
18
What is the highest common divisor of 60 and 5910?
30
Calculate the greatest common factor of 280 and 3220.
140
What is the highest common divisor of 15210 and 130?
130
What is the highest common factor of 35 and 2345?
35
What is the highest common factor of 203 and 551?
29
Calculate the greatest common divisor of 224 and 196.
28
Calculate the greatest common divisor of 5029 and 321.
107
What is the greatest common divisor of 848 and 16?
16
Calculate the greatest common factor of 154 and 22.
22
What is the greatest common divisor of 780 and 10?
10
Calculate the greatest common factor of 4375 and 105.
35
What is the greatest common factor of 114 and 6?
6
Calculate the greatest common divisor of 46 and 2001.
23
What is the highest common divisor of 36 and 585?
9
Calculate the highest common divisor of 395 and 316.
79
Calculate the greatest common divisor of 62 and 2294.
62
Calculate the greatest common divisor of 122505 and 15.
15
Calculate the highest common factor of 40 and 20760.
40
Calculate the highest common factor of 30 and 2580.
30
Calculate the highest common divisor of 198 and 8382.
66
What is the highest common divisor of 1258 and 74?
74
Calculate the highest common divisor of 960 and 220.
20
Calculate the highest common factor of 6528 and 51.
51
What is the highest common divisor of 45 and 186?
3
What is the highest common divisor of 805 and 115?
115
What is the greatest common divisor of 120 and 200?
40
Calculate the highest common divisor of 120 and 9600.
120
Calculate the highest common factor of 89 and 89.
89
Calculate the highest common factor of 26 and 832.
26
Calculate the highest common factor of 6901 and 103.
103
Calculate the highest common factor of 12818 and 174.
58
Calculate the highest common divisor of 1241 and 34.
17
What is the highest common factor of 130 and 78?
26
What is the greatest common factor of 560 and 70?
70
Calculate the highest common factor of 38 and 760.
38
What is the highest common factor of 15 and 65?
5
What is the greatest common factor of 20 and 230?
10
What is the greatest common divisor of 539 and 392?
49
What is the greatest common factor of 210 and 285?
15
What is the highest common divisor of 3009 and 9?
3
What is the greatest common divisor of 210 and 231?
21
Calculate the greatest common divisor of 868 and 42.
14
Calculate the greatest common factor of 2416 and 151.
151
Calculate the greatest common factor of 1421 and 49.
49
What is the highest common factor of 7 and 3?
1
Calculate the greatest common divisor of 789 and 3419.
263
What is the highest common divisor of 342 and 657?
9
Calculate the greatest common factor of 61 and 2623.
61
What is the greatest common factor of 1034 and 2914?
94
What is the highest common factor of 384 and 72?
24
Calculate the highest common factor of 44 and 55.
11
Calculate the greatest common divisor of 494 and 57.
19
What is the greatest common factor of 12 and 3156?
12
Calculate the highest common divisor of 754 and 145.
29
What is the greatest common factor of 414 and 3450?
138
Calculate the greatest common divisor of 34 and 918.
34
What is the highest common factor of 8 and 40?
8
Calculate the greatest common divisor of 38325 and 219.
219
Calculate the greatest common factor of 328 and 574.
82
What is the highest common divisor of 1632 and 357?
51
What is the greatest common factor of 280 and 320?
40
What is the highest common factor of 610 and 854?
122
Calculate the greatest common factor of 1411 and 3154.
83
Calculate the highest common factor of 75 and 600.
75
What is the greatest common divisor of 112 and 9786?
14
What is the highest common divisor of 350 and 50?
50
What is the greatest common factor of 17219 and 257?
257
What is the highest common divisor of 18715 and 95?
95
Calculate the greatest common factor of 35 and 420.
35
Calculate the highest common factor of 88 and 64.
8
What is the highest common factor of 36 and 4320?
36
What is the highest common factor of 11 and 22?
11
What is the greatest common divisor of 228 and 1444?
76
Calculate the greatest common divisor of 25651 and 227.
227
Calculate the highest common divisor of 48 and 144.
48
What is the greatest common divisor of 399 and 171?
57
What is the greatest common factor of 35 and 125?
5
What is the greatest common factor of 33 and 225?
3
What is the highest common divisor of 123 and 8979?
123
Calculate the greatest common factor of 255 and 170.
85
What is the highest common divisor of 206 and 66?
2
What is the greatest common divisor of 45 and 105?
15
What is the highest common divisor of 16046 and 284?
142
Calculate the highest common divisor of 182 and 78.
26
Calculate the highest common divisor of 56 and 91.
7
Calculate the highest common divisor of 80 and 2048.
16
Calculate the highest common factor of 459 and 867.
51
Calculate the greatest common factor of 60 and 390.
30
What is the highest common factor of 24 and 10?
2
Calculate the highest common divisor of 55 and 4070.
55
Calculate the greatest common divisor of 384 and 18.
6
What is the highest common divisor of 75 and 325?
25
Calculate the greatest common divisor of 1771 and 77.
77
What is the highest common divisor of 90 and 130?
10
Calculate the 